{"id":45,"date":"2018-11-16T17:06:19","date_gmt":"2018-11-16T17:06:19","guid":{"rendered":"http:\/\/conferences.la.utexas.edu\/orality-literacy-xiii\/?page_id=45"},"modified":"2019-03-13T19:42:26","modified_gmt":"2019-03-13T19:42:26","slug":"abstracts","status":"publish","type":"page","link":"https:\/\/conferences.la.utexas.edu\/orality-literacy-xiii\/abstracts\/","title":{"rendered":"Abstracts"},"content":{"rendered":"<p>This page provides an alphabetized list of participants and papers. Each paper title is linked to a downloadable abstract.<\/p>\n<p><strong>Keynote address (<\/strong>Wed. 27th March, 7:30 p.m.):\u00a0 Ruth Scodel, University of Michigan &#8220;Reperformance, Writing, and the Boundaries of Literature&#8221;<\/p>\n<p>Greek literature was performed and then reperformed. From the beginning, Greek literature is characterized by its variety of reperformance practices and by the entanglement of oral transmission and written copies. No reperformance can ever have exactly the same effect as an earlier performance, but in ancient Greek reperformance, a text could be changed significantly or not at all; the performance style could be the same or very different (choral becoming solo, sung becoming recited); context could be very similar (the same festival) or very different (a different city, public performance becoming private); the audience may have heard the same work before, or the audience be entirely new. Greeks had no word for literature, but reperformance in changing contexts essentially defined literature for Greek culture.<\/p>\n<p>Archer, George (Iowa State University) &#8220;<a href=\"https:\/\/utexas.box.com\/s\/3nmx9gqmxiy9wisbmttk9dl1ikqjnlzk\" target=\"_blank\" rel=\"noopener noreferrer\">The Quranic Repetition of Psalm 90, or &#8216;Reading where the pages are white.<\/a>&#8216;&#8221;<\/p>\n<p>Arft, Justin (University of Tennessee) &#8220;<a href=\"https:\/\/utexas.box.com\/s\/qrxm7owxgmda5woppoy4gje2q48a82wc\" target=\"_blank\" rel=\"noopener noreferrer\">Repetition or Recurrence? A Traditional Use for \u1f04\u03bd\u03b4\u03c1\u03b5\u03c3\u03c3\u03b9 \u03bc\u03b5\u03bb\u03ae\u03c3\u03b5\u03b9 in Archaic Greek Poetry<\/a>&#8221;<\/p>\n<p>Austin, Emily (University of Chicago) &#8220;<a href=\"https:\/\/utexas.box.com\/s\/flw8gszl6w4b1yaix0qg3cbnx59olqqs\" target=\"_blank\" rel=\"noopener noreferrer\">&#8216;Achilles&#8217; Desire for Lament: Variations on a Theme<\/a>&#8221;<\/p>\n<p>Bouvier, David (Universit\u00e9 de Lausanne) &#8220;<a href=\"https:\/\/utexas.box.com\/s\/tu20twfohx7tdkmqetk3p7kb7rkg8fin\" target=\"_blank\" rel=\"noopener noreferrer\">Repetition and Rupture: Xenophanes versus Homer<\/a>&#8221;<\/p>\n<p>Dance, Caleb (Washington and Lee University) &#8220;<a href=\"https:\/\/utexas.box.com\/s\/rf93epvbji3vms2zis7mmk3n0aisg5ro\" target=\"_blank\" rel=\"noopener noreferrer\"><em>Versus Incompositus<\/em>: Improvisation and the Rustic Roots of Latin Poetry<\/a>&#8221;<\/p>\n<p>Donnelly, Cassandra (University of Texas at Austin) &#8220;<a href=\"https:\/\/utexas.box.com\/s\/u1jwx1kfrglscc083imqkhzlvriwk9yp\" target=\"_blank\" rel=\"noopener noreferrer\">Mixed Literacy and Non-Scribal Writing on Bronze Age Cyprus<\/a>&#8221;<\/p>\n<p>Duffy, William (St. Philip&#8217;s College) &#8220;<a href=\"https:\/\/utexas.box.com\/s\/fmn5zjtcz4pxa310cwnad4kglja73b9h\" target=\"_blank\" rel=\"noopener noreferrer\">&#8216;Godlike&#8217; Slams: professional wrestling as a model for shifts in epithet significance<\/a>&#8221;<\/p>\n<p>Forte, Alexander (Colgate University) &#8220;<a href=\"https:\/\/utexas.box.com\/s\/l6jltlqb8mqmde4r0j32kt2075i690yi\" target=\"_blank\" rel=\"noopener noreferrer\">Subtle Tuples: A Cognitive Analysis of Numbered Repetitions in Homeric Epic<\/a>&#8221;<\/p>\n<p>Gaunt, Jasper (Independent Scholar) &#8220;<a href=\"https:\/\/utexas.box.com\/s\/ednckcty3ahu4gxnes05pw9n792ek5qi\" target=\"_blank\" rel=\"noopener noreferrer\">&#8216;Homer&#8217; and the Construction of <em>arete<\/em> in Archaic Greek Art<\/a>&#8221;<\/p>\n<p>Gheerbrant, Xavier (Sichuan University &#8211; China) &#8220;<a href=\"https:\/\/utexas.box.com\/s\/wxpmrztxcb3o8gozvt9qserycezp7qzy\" target=\"_blank\" rel=\"noopener noreferrer\">Repetition in early Greek philosophical poetry<\/a>&#8221;<\/p>\n<p>Golab, Hanna (University of Miami) &#8220;<a href=\"https:\/\/utexas.box.com\/s\/lw4z3lvn4a0gthmvvs3w7u224zdy3dpg\" target=\"_blank\" rel=\"noopener noreferrer\">Cultic Songs for Asklepios &#8211; Ritual Orality Written in Stone<\/a>&#8221;<\/p>\n<p>Herrman, Judson (Allegheny College) &#8220;<a href=\"https:\/\/utexas.box.com\/s\/ccmek6hhaxrw66mlolt42bzybolsmqp1\" target=\"_blank\" rel=\"noopener noreferrer\">Repetition among the Attic Orators<\/a>&#8221;<\/p>\n<p>Klasova, Pamela (Bowdoin College) &#8220;<a href=\"https:\/\/utexas.box.com\/s\/f6yom6rqzf7y6ib9uwha3qikctg07p98\" target=\"_blank\" rel=\"noopener noreferrer\">Public Speech in Early Islam: The Case of al-\u1e24ajj\u0101j b. Y\u016bsuf al-Thaqaf\u012b, the Umayyad Governor of Iraq<\/a>&#8221;<\/p>\n<p>L\u00e9toublon, Fran\u00e7oise (Universit\u00e9 Stendhal, Grenoble) &#8220;<a href=\"https:\/\/utexas.box.com\/s\/c023xm8kdhnft5ggiba8308vhxqfss86\" target=\"_blank\" rel=\"noopener noreferrer\">Repetition, tradition and fiction: the story of Ulysses hunting in the mountains of Parnassus<\/a>&#8221;<\/p>\n<p>Mac an Aircinn, Caol\u00e1n (University of Texas at Austin) &#8220;<a href=\"https:\/\/utexas.box.com\/s\/ancn9aocb0eo0p9hoy5pe1wowkuzwzox\" target=\"_blank\" rel=\"noopener noreferrer\">Breaking and Remaking Terence: the Politics of the Terentian Authorship Debate<\/a>&#8221;<\/p>\n<p>Minchin, Elizabeth (Australia National University) &#8220;<a href=\"https:\/\/utexas.box.com\/s\/7sw77zndsrvytd7vofslgl5p1sd3kedi\" target=\"_blank\" rel=\"noopener noreferrer\">The creation of a storyrealm: the role of repetition in Homeric epic and Oswald&#8217;s <em>Memorial<\/em><\/a>&#8221;<\/p>\n<p>Nelson, Thomas (Trinity College, University of Cambridge) &#8220;<a href=\"https:\/\/utexas.box.com\/s\/o0vazusuygsl6v1g2f4jg0w70nzckrbu\" target=\"_blank\" rel=\"noopener noreferrer\">Repeating the Unrepeated: Homeric <em>Hapax Legomena<\/em> in Archaic and Classical Greek Poetry<\/a>&#8221;<\/p>\n<p>Nooter, Sarah (University of Chicago) &#8220;<a href=\"https:\/\/utexas.box.com\/s\/t1vjoke3c8xzc1dxq83dn12pzan6l8kh\" target=\"_blank\" rel=\"noopener noreferrer\">Sappho and the Eternal Return of Desire<\/a>&#8221;<\/p>\n<p>O&#8217;Connell, Peter (University of Georgia) &#8220;<a href=\"https:\/\/utexas.box.com\/s\/lw152qsb168s7g2eq2p0zrimqqsij1dq\" target=\"_blank\" rel=\"noopener noreferrer\">Repetition and the Creation of &#8216;Sappho&#8217;<\/a>&#8221;<\/p>\n<p>Person, Ray (Ohio Northern University) &#8220;<a href=\"https:\/\/utexas.box.com\/s\/k7920t1qaa1plqi3i39rz0zbwlt5rr0n\" target=\"_blank\" rel=\"noopener noreferrer\">Harmonizations in the Pentateuch and Synoptic Gospels: Repetition and Category Triggering within Scribal Memory<\/a>&#8221;<\/p>\n<p>Slater, Niall (Emory University) &#8220;<a href=\"https:\/\/utexas.box.com\/s\/276wkfme1du8tv8llhutykij64pxutwj\" target=\"_blank\" rel=\"noopener noreferrer\">Repetition, Improvisation, and Parody: Eumolpus Re-Takes Troy in Petronius&#8217;s <em>Satyrica<\/em> 83-90<\/a>&#8221;<\/p>\n<p>Verano, Rodrigo (Universidad Aut\u00f3noma de Madrid) &#8220;<a href=\"https:\/\/utexas.box.com\/s\/nn9o8e05c7afmj9716xpg7jrmvquyoe3\" target=\"_blank\" rel=\"noopener noreferrer\">Repetition and Fictive Orality in Plato&#8217;s Dialogues<\/a>&#8221;<\/p>\n<p>West, Emily (St. Catherine University) &#8220;<a href=\"https:\/\/utexas.box.com\/s\/f21vb21c2jolqwij9afgoszj6sqh9biq\" target=\"_blank\" rel=\"noopener noreferrer\">The Flood Myth in the Ancient Near East and India: Repetition and Revision<\/a>&#8221;<\/p>\n<p>White, Stephen (University of Texas at Austin) &#8220;<a href=\"https:\/\/utexas.box.com\/s\/76dov6vp92lveqwwqoy8d849xe8eief3\" target=\"_blank\" rel=\"noopener noreferrer\">Resonant Presence in Callimachus&#8217; <em>Hymn to Apollo<\/em><\/a>&#8221;<\/p>\n<p>Zelnick-Abramovitz, Rachel (Tel Aviv University) &#8220;<a href=\"https:\/\/utexas.box.com\/s\/sirh3z7lnox91isr2oqv9epzpz6r9en4\" target=\"_blank\" rel=\"noopener noreferrer\">Repetition and Memory in the Attic Forensic Orations<\/a>&#8220;<\/p>\n","protected":false},"excerpt":{"rendered":"<p>This page provides an alphabetized list of participants and papers. Each paper title is linked to a downloadable abstract. Keynote address (Wed. 27th March, 7:30 p.m.):\u00a0 Ruth Scodel, University of Michigan &#8220;Reperformance, Writing, and the Boundaries of Literature&#8221; Greek literature was performed and then reperformed. From the beginning, Greek literature is characterized by its variety [&hellip;]<\/p>\n","protected":false},"author":32,"featured_media":0,"parent":0,"menu_order":0,"comment_status":"closed","ping_status":"closed","template":"","meta":{"_uag_custom_page_level_css":"","footnotes":""},"class_list":["post-45","page","type-page","status-publish","hentry","entry"],"uagb_featured_image_src":{"full":false,"thumbnail":false,"medium":false,"medium_large":false,"large":false,"1536x1536":false,"2048x2048":false,"square-image":false,"landscape-image":false,"profile-image":false,"single-featured":false,"large-profile-image":false},"uagb_author_info":{"display_name":"kbt233","author_link":"https:\/\/conferences.la.utexas.edu\/orality-literacy-xiii\/author\/kbt233\/"},"uagb_comment_info":0,"uagb_excerpt":"This page provides an alphabetized list of participants and papers. Each paper title is linked to a downloadable abstract. Keynote address (Wed. 27th March, 7:30 p.m.):\u00a0 Ruth Scodel, University of Michigan &#8220;Reperformance, Writing, and the Boundaries of Literature&#8221; Greek literature was performed and then reperformed. From the beginning, Greek literature is characterized by its variety&hellip;","_links":{"self":[{"href":"https:\/\/conferences.la.utexas.edu\/orality-literacy-xiii\/wp-json\/wp\/v2\/pages\/45","targetHints":{"allow":["GET"]}}],"collection":[{"href":"https:\/\/conferences.la.utexas.edu\/orality-literacy-xiii\/wp-json\/wp\/v2\/pages"}],"about":[{"href":"https:\/\/conferences.la.utexas.edu\/orality-literacy-xiii\/wp-json\/wp\/v2\/types\/page"}],"author":[{"embeddable":true,"href":"https:\/\/conferences.la.utexas.edu\/orality-literacy-xiii\/wp-json\/wp\/v2\/users\/32"}],"replies":[{"embeddable":true,"href":"https:\/\/conferences.la.utexas.edu\/orality-literacy-xiii\/wp-json\/wp\/v2\/comments?post=45"}],"version-history":[{"count":23,"href":"https:\/\/conferences.la.utexas.edu\/orality-literacy-xiii\/wp-json\/wp\/v2\/pages\/45\/revisions"}],"predecessor-version":[{"id":190,"href":"https:\/\/conferences.la.utexas.edu\/orality-literacy-xiii\/wp-json\/wp\/v2\/pages\/45\/revisions\/190"}],"wp:attachment":[{"href":"https:\/\/conferences.la.utexas.edu\/orality-literacy-xiii\/wp-json\/wp\/v2\/media?parent=45"}],"curies":[{"name":"wp","href":"https:\/\/api.w.org\/{rel}","templated":true}]}}